j + 6 = 3*u - 0*j. Suppose -3*y - 11 = p + 2*y, -u*p + 3*y = -17. List the prime factors of p.
2
Let r = 1 - -2. Let c = r + -3. Suppose -3 = -5*l + 3*n - 2, 2*l + 5*n - 19 = c. List the prime factors of l.
2
Suppose -a + 4*a - 60 = 0. Suppose -3*p + p + a = 0. What are the prime factors of p?
2, 5
Let j(b) = b + 1. Let o(a) = a + 9. Let h(f) = 3*j(f) - o(f). Let w be h(6). List the prime factors of (-64)/w*18/(-12).
2
Suppose -5*f = -r - 3*f + 18, 3*f + 52 = 4*r. Let o be (12/5 - 2)*r. Let k = o - -5. What are the prime factors of k?
3
Let c be 0/(-5 + 3) + 0. Suppose -h - 5 = 2*r, r - h - 5 = -c*h. Suppose 2*i + 3*i - 10 = r. List the prime factors of i.
2
Let w(r) = -r - 5. Let f be w(-7). Let p = 5 - f. Suppose -p*a - 3 = -27. What are the prime factors of a?
2
Let t(j) = 5*j + 8. Let r(l) = -4*l - 8. Let n(m) = 3*r(m) + 2*t(m). Let c be n(-6). Suppose 5*u - 20 = c*i, -u - 12 = -4*u + 5*i. List the prime factors of u.
2
Suppose 0 = -2*l - 0*l + 132. What are the prime factors of l?
2, 3, 11
Let s(y) = 3 + 5*y - 4*y + 0. What are the prime factors of s(7)?
2, 5
Let o be (-50)/(-8) - 1/4. Suppose o*l - 145 = l. What are the prime factors of l?
29
Let o = 6 - 3. Suppose 0 = o*g - 6*g + 84. Let t = 41 - g. What are the prime factors of t?
13
Let f = 9 - -9. List the prime factors of f.
2, 3
Let y be ((-1)/2)/(1/(-4)). Suppose 7*l = y*l + 10. Suppose -f = l*u + u - 15, -2*u = -4*f + 32. List the prime factors of f.
3
Suppose 5*a - 136 - 89 = 0. List the prime factors of a.
3, 5
Suppose 5 = 4*y - 3. Suppose -3*l + y*v = 18, 3*v = 2*l - l + 13. Let a(x) = x**3 + 5*x**2 + 3*x - 1. List the prime factors of a(l).
3
What are the prime factors of (144 - -1)*135/75?
3, 29
What are the prime factors of (12/(-10))/((-16)/(-40)) + 293?
2, 5, 29
Let d(p) be the second derivative of -p**4/12 + p**3/6 + 8*p**2 - 5*p. What are the prime factors of d(0)?
2
Let w = 8 - 23. Let y(i) = -31*i**2 + i - 1. Let o be y(1). Let q = w - o. List the prime factors of q.
2
Suppose -b + c = -125 + 14, -4*c = 2*b - 198. What are the prime factors of b?
107
Let i be (-25)/(-9) + 8/36. Suppose i*r - g - 35 = g, -31 = -3*r + g. List the prime factors of r.
3
Let x(h) = 38*h + 1. Let d be x(2). Suppose 0 = 3*a - 10*a + d. List the prime factors of a.
11
Let o = 401 - 207. What are the prime factors of o?
2, 97
Suppose 8 = -0*u - 4*u + 4*f, -6 = -3*f. Suppose -z + u = -2*g - 4, -3*z + 10 = -4*g. What are the prime factors of (-3 - g)/(3/(-12))?
2
Let v(k) = -2*k. Let o be v(-1). Suppose o*j + 2*q = 30 + 18, 24 = j + 2*q. Suppose -4*w + 0*w = -j. What are the prime factors of w?
2, 3
Let d(h) = -5*h**3 - h**2 + 5*h + 5. What are the prime factors of d(-4)?
17
Suppose 9*v - 39 = 6*v. What are the prime factors of v?
13
Let j(z) = z. List the prime factors of j(14).
2, 7
Let x = -75 - -119. List the prime factors of x.
2, 11
Let b(z) = z**3 - 5*z**2 - 2*z + 5. Let n be b(6). Let k be (-1)/(-3) - 350/(-21). Let l = n - k. List the prime factors of l.
2, 3
Let b(g) = -g**2 + g + 1. Let w be b(-4). Suppose 0 = -6*j + 3*j - 81. Let i = w - j. What are the prime factors of i?
2
Let n(b) = -b**3 - b**2 + 2*b - 4. Let o be n(-3). Let w be (3/4)/((-2)/o). Let s = 2 - w. List the prime factors of s.
5
Let f be -1*(-1 - 3) + -2. Let n(h) = -4 - 3*h**3 - h + 4*h**3 + 3*h - f*h**2. What are the prime factors of n(3)?
11
Let g be (-6 + 0)/((-57)/(-38)). Let m be 0 - 1/(2/44). What are the prime factors of (-516)/(-66) + g/m?
2
Suppose 2*s - 4*b + 1 = 515, -s + 251 = 4*b. List the prime factors of s.
3, 5, 17
Let v(t) = -2*t + 4. List the prime factors of v(-7).
2, 3
Let v = 109 + -66. Suppose -f = 1 + 2, -5*g + v = 4*f. Let l = g - 7. List the prime factors of l.
2
Let t(a) = 15*a**2 + 4*a - 34. What are the prime factors of t(4)?
2, 3, 37
Suppose 0*p + 4 = 4*p, 5*r + p = 306. What are the prime factors of r?
61
Let l be (3/1)/((-3)/(-2)). Suppose l = -3*b + 20. What are the prime factors of b?
2, 3
Suppose 0 = -3*l + 2*b + 2, 7*b + 2 = 5*l + 4*b. Let z(y) = -2*y**3 + 2*y + 1. What are the prime factors of z(l)?
13
Let w(k) = -k**2 - 7*k - 4. Let z be w(-6). Suppose 2*c - 7*c - z*y + 184 = 0, -2*c + 80 = 4*y. List the prime factors of c.
2, 3
Let k be 13/4 + 5/(-20). What are the prime factors of 3*k/((-9)/(-57))?
3, 19
Let p be 30/8*-1*52. What are the prime factors of p/(-21) - (-2)/(-7)?
3
Let h(y) = -y - 3*y**2 + 5*y**2 - y**2 + 2. Let k be h(2). Let o = 1 + k. What are the prime factors of o?
5
Let r = 8 + 9. Let d = r + -12. Suppose -d*u = -0*u - 35. What are the prime factors of u?
7
Let m = -5 + 53. What are the prime factors of m?
2, 3
Suppose -c - 6 = -3*c. Suppose 2*i - 5*d = -c*i, -5 = -2*i + d. Suppose 0 = -2*f - 5*s + 33, i*f + 4*s - 70 = -13. What are the prime factors of f?
3
Let s(z) = z - 6. Let p be s(8). Suppose -5*j + 43 = 4*w, 5*j = 2*w + p*w - 93. List the prime factors of w.
17
Suppose 2*b - 7 - 29 = 0. What are the prime factors of b?
2, 3
Let i(v) = -9*v - 1. Let n be i(-1). Suppose -g + n = 3*g. Suppose 37 = 3*u + 5*x + 7, -2*u - g*x = -20. What are the prime factors of u?
2, 5
Let l = 0 + 12. Let j be 195/l + 2/(-8). Let v = -1 + j. List the prime factors of v.
3, 5
Let s = 15 + 7. List the prime factors of s.
2, 11
Let r(k) = k**3 + 12*k**2 + k + 11. Let f be r(-12). List the prime factors of (-1 - f) + (24 - 1).
23
Suppose 2*d + 40 = 4*d. What are the prime factors of d?
2, 5
Suppose -4*u + 5*u = 15. Suppose 0 = -5*x + 2*k + 38 + u, -3*x + 4*k = -29. What are the prime factors of x?
11
Let s be 0 - (-3)/6*2. Suppose -4 + s = -3*d. Suppose -m + 13 = d. What are the prime factors of m?
2, 3
Let y(f) = 3*f**2 - 13*f + 40. What are the prime factors of y(6)?
2, 5, 7
Let f(a) = 89*a**2 - a. Let h be f(1). Let o be 84/22 + (-14)/(-77). Suppose -x = g - 16 + 2, -4*g = -o*x + h. List the prime factors of x.
2, 3
Suppose -4*n = n + 15, 4*c - 3*n = 17. Suppose -4 = -l - 0*l. Suppose -4*g - c*t = -44, -2*t + 44 = l*g - t. What are the prime factors of g?
11
Let c be (-1 + 7)/(-1 + 2). Suppose -2*d + c*d = 16. Suppose d*p = -x + 29, -3*x - 5*p = -0*x - 52. List the prime factors of x.
3
Suppose 0*g + 19 = g. Suppose q - 15 - g = 0. List the prime factors of q.
2, 17
Let o = 9 - 19. Let l be (o/(-25))/(2/(-10)). List the prime factors of l/4 + (-52)/(-8).
2, 3
Suppose m - 540 = -5*y, 3*y = -y - 4*m + 448. List the prime factors of y.
107
Let c = -17 + 2. Let a = -8 - c. Let z(l) = 2*l - 3. What are the prime factors of z(a)?
11
Let h = 31 + -3. Suppose -4*p - h = -80. What are the prime factors of p?
13
Suppose -3*g - 23 = -6*g - 4*c, 5*g = -2*c + 29. List the prime factors of (16/5)/(1/g).
2
Let b be (-8)/20 - (-2244)/10. Suppose -5*w + w + b = 0. Suppose 4*x - 16 = w. List the prime factors of x.
2, 3
Let x = -9 - -17. List the prime factors of ((-42)/x)/(4/(-16)).
3, 7
Let i(s) = -s**3 + 8*s**2 - 2*s - 7. List the prime factors of i(5).
2, 29
List the prime factors of (-1)/3 - 1208/(-24).
2, 5
Let i(l) = 3*l**3 - l. Let q be i(1). Let w be 2/q - 1*-2. Suppose 4*m = -f + 3*m + 11, w = 3*m. List the prime factors of f.
2, 5
Let p(r) = -r**2 - 8*r + 9. Let q be p(-9). Suppose -2*i + 6 = -q*i. What are the prime factors of i?
3
Suppose -4*g - 154 = -5*i, -2*i = -0*g - 2*g - 60. What are the prime factors of i?
2, 17
Suppose 0 = -3*u - 5*a + 41 + 166, -138 = -2*u + 3*a. Suppose u = 4*x - 71. List the prime factors of x.
5, 7
Let x = -1 - -1. Suppose x = 3*t - 2*t - 5. Suppose u - 20 = -3*i + 1, -t = -u + i. List the prime factors of u.
3
Let z = -502 - -734. What are the prime factors of z?
2, 29
List the prime factors of 30/(-9) + 3 - (-271)/3.
2, 3, 5
Suppose 0*f - 4*f = -220. Suppose 4*u - 4*g + f = 167, 2*u + g = 41. What are the prime factors of u?
23
Suppose 3*w - 14 = 3*b + 8*w, 2*w = -8. Let z = -2 + b. Suppose -t = -11 - z. List the prime factors of t.
11
Let t(v) be the third derivative of v**6/120 + v**5/12 - v**4/8 - 2*v**3/3 - v**2. List the prime factors of t(-5).
11
Let f = 41 + 140. What are the prime factors of f?
181
Let w = -6 - -17. Let i = w + -9. What are the prime factors of i?
2
Suppose 5*c = -2*r + 97, -5*c = -r + 2*r - 96. Suppose 0*k - k = -3*o + 57, -k - c = -o. What are the prime factors of o?
19
Let t = 61 + -35. Let x be (9/(-6) + 0)*t. List th